 z(b) be the second derivative of b - 1/2*b**2 + 3/2*b**3 - 1/12*b**4 + 0. Is z(7) composite?
False
Let o(a) = a**2 - 4*a - 1. Let n be o(-4). Suppose -2*f + 0 + 62 = 5*z, n = f - 4*z. Is f prime?
True
Suppose 267 = 2*k - 4*h - 11, -3*k - 3*h = -417. Is k a composite number?
False
Let r(q) = 12*q**3 + 2*q**2 + 4*q + 3. Let k be r(-2). Let o = k + 242. Is o a composite number?
False
Let n be (2*-1 + 4)*1. Suppose -o = -2*o - n. Let y(m) = -17*m - 3. Is y(o) prime?
True
Let s be (-4)/7 + (-310)/70. Is 89 + -2 - (s - -3) a prime number?
True
Let k = 7 - 17. Let m = k - -20. Is m prime?
False
Let v(o) = -o + 4. Let q be v(6). Is (35 - -10) + 4/q prime?
True
Let d(j) = -j**3 - 5*j**2 + 4*j - 4. Let w be d(-6). Let g be w/44 + 1008/22. Is g/(-8)*(-1 + -3) a composite number?
False
Let w(m) = m**2 - 7*m + 9. Let i be w(6). Let n be -1*(-1 + (-12)/i). Is n*15 + 3 + 1 prime?
True
Let f(i) = i**3 + 3*i**2 - 3*i + 2. Let l be f(-4). Let g(m) = 21*m - 19*m + 17*m**2 + 0 - 3 + 4. Is g(l) prime?
False
Let y(n) = 14*n**2 - n + 10. Is y(5) a prime number?
False
Let k(a) = 5*a**2 + 3*a - 1. Let j be k(2). Suppose 11 = 4*t - j. Is t a composite number?
True
Let k(q) = 37*q**2 - 6*q - 3. Let o(w) = 36*w**2 - 7*w - 3. Let l = 5 - 1. Let d(a) = l*k(a) - 3*o(a). Is d(-2) a prime number?
True
Let o = -195 + 408. Suppose 0 = 2*a + a - o. Is a a prime number?
True
Let k = 79 + 121. Suppose -298 - k = -2*t. Is t a composite number?
True
Let r(n) = 53*n + 3. Let b(p) = -54*p - 4. Let s(c) = -2*b(c) - 3*r(c). Let o = -5 - -1. Is s(o) a prime number?
False
Suppose y = 3*h - 1, -5*h + 3*y - 7 = -2. Let m(a) = -a**2 - 7*a. Let o be m(-6). Suppose h*k - 34 = -o. Is k a composite number?
True
Let b(z) = 19*z**2 + 8*z + 11. Is b(-5) prime?
False
Let o(t) = 92*t**2 - 1. Let x be o(-1). Suppose x = 5*d + 2*w, 0*d - 2*d = -3*w - 44. Is d a prime number?
True
Suppose 8*f - 3*f - 19915 = 0. Is f prime?
False
Suppose 4*o - 5471 = m, o = -2*m + 783 + 596. Is o prime?
False
Let z = -4 + 7. Let g(j) = 0 + 20*j + 4 + j. Is g(z) a prime number?
True
Suppose -11*t + 8545 = -6*t. Is t prime?
True
Suppose 272 = 3*o - 337. Is o a composite number?
True
Let z be (-22)/143 - 5696/(-13). Suppose c = 1123 - z. Is c composite?
True
Let o be (-7)/(-3) - (-2)/(-6). Suppose -j + o = -2. Suppose j*r - 296 = -0*r. Is r a prime number?
False
Suppose 18*y - 20*y = -794. Is y a composite number?
False
Suppose -5*r + 5 = -15. Suppose -2*s + s = -2*a - 397, 0 = -r*s + 3*a + 1568. Is s a prime number?
True
Let f(m) = -10*m**2 - m - 4. Let c be f(3). Let q be 0 + -29 + (2 - 3). Let g = q - c. Is g prime?
True
Suppose -5*b + 1852 = -w - 2*w, -375 = -b - 4*w. Is b composite?
True
Let c(x) = 8*x**2 + 2*x - 4. Let o(a) = 9*a**2 + 2*a - 5. Let t(p) = 6*c(p) - 5*o(p). Let s(z) be the first derivative of t(z). Is s(4) prime?
False
Suppose 0 = 5*i - i. Let g = 0 - i. Suppose 3*j = -g*j + 159. Is j a prime number?
True
Suppose 0 = 4*u + 2*k - 14, k = 2*u - 7*u + 16. Is (-383)/(-3) - 2/u a prime number?
True
Let u be -1*3/((-3)/65). Let n = u + 24. Is n a composite number?
False
Let y(c) = 34*c**3 + 3*c**2 - 6*c + 3. Is y(4) a prime number?
True
Suppose -4*w - 72 = -w. Is w/(-4)*(-22)/(-4) composite?
True
Suppose 2*g + 3*y - 4 = 0, 0 = 5*g - 4*y - 10 - 0. Suppose 0 = -2*b + 4*p + 198, -b + g*b + 5*p = 134. Is b a composite number?
False
Let n = 4916 - 3021. Is n prime?
False
Suppose -2*j + 3 = -5, 8 = -5*z + 2*j. Let d(h) = -h**3 + h**2 + h + 35. Is d(z) composite?
True
Suppose -2*r - 2*r = -748. Is r a prime number?
False
Let n = 1016 - 535. Is n a prime number?
False
Let l = 84 + -532. Let d = l + 674. Is d composite?
True
Let y(j) = 12*j - 1. Let m be y(2). Suppose 0*s = -s + m. Is s a composite number?
False
Let x(p) = 3*p**2 + 2. Let h(c) = -c**3 - 5*c**2 - 6*c - 5. Let o be h(-4). Let d = 1 - o. Is x(d) a prime number?
False
Suppose 0 = f - 3*s + 4*s + 424, 3*f + 1302 = 3*s. Let z = 211 + f. Let i = -91 - z. Is i a prime number?
True
Let j = -3621 - -7564. Is j a prime number?
True
Let y be 118/6 + 4/12. Suppose -3*a + y = 5*o + 2*a, 5*o - 2*a - 6 = 0. Is o composite?
False
Suppose 0*x = 2*x, 4*u + 5*x - 24020 = 0. Is u a composite number?
True
Suppose -5*y - 25 = -u, 5*u + 4*y - 9 = -0*u. Suppose 6 = -u*l + 46. Suppose 1 = -z + l. Is z a composite number?
False
Let m(l) = l**2 + l + 127. Is m(0) a composite number?
False
Suppose 2*b + 117 = l, 0*b + 293 = -5*b + 2*l. Let o = -36 - b. Is o composite?
False
Let q be 48/6 - (0 - -3). Suppose 11 = -3*o - 5*t, q*o - 4*t = 2*o + 25. Suppose -1 = -o*v + 56. Is v a prime number?
True
Suppose -b - 3 = 2, 2*u = 5*b + 563. Is u a composite number?
False
Let g = -6 + 8. Suppose 0 = -g*d - 2*x - 3*x + 10, 4*x + 5 = d. Suppose 4*z - h - 39 = -z, -15 = -5*z - d*h. Is z prime?
True
Let t(m) = 7*m**3 - 1. Let q be t(2). Let p = 152 - q. Is p prime?
True
Let v(f) = -7*f**3 - f**2 - 7*f + 4. Is v(-5) a prime number?
False
Let r = -4 - -6. Suppose 19 = r*c - 25. Is c a prime number?
False
Suppose 3*v + 3989 = 5*v + n, 5982 = 3*v + n. Is v a prime number?
True
Let o = 36 + -25. Is o prime?
True
Let b be ((-8)/24)/(1/(-93)). Let p be 1*(14 + (-1 - -1)). Suppose 0 = -3*v + b + p. Is v composite?
True
Let g(c) = c**3 - 4*c**2 + c - 2. Let l be g(4). Suppose l*m - 6*m = 0. Suppose m = 4*n - 3 - 5. Is n composite?
False
Let s(c) = -c**2 - 11*c + 5. Suppose 5*q - 3*q = -10. Is s(q) a composite number?
True
Suppose 0 = -5*m - 1 + 11. Let x be -2 + m/1 - -20. Suppose -17 - x = -j. Is j a prime number?
True
Suppose 7*u - 15 = 608. Is u a prime number?
True
Suppose 3*t - 22 = 17. Let z = 57 + -33. Let w = z + t. Is w prime?
True
Suppose 7*t = -102 + 844. Is t a prime number?
False
Let y(l) be the first derivative of -19*l**2/2 - 6*l + 4. Is y(-5) a composite number?
False
Let z(q) = q + 1. Let j be z(2). Suppose j*k = -5*c + 26, -3*c = c - 2*k - 12. Is -2*(2 - 414/c) prime?
False
Let y be (0 - (-1 + 2)) + 3. Is 1 + (y + -3 - -19) composite?
False
Let b = 6 - 4. Let h(x) = 68*x**2 - x - 1. Let u be h(b). Suppose -22 = -3*l + u. Is l composite?
False
Suppose 4*b - 2 - 2 = 0. Let t = 48 + 30. Is 2 + -2 + b + t prime?
True
Suppose 3*s + 2*s = 0, 0 = 4*m + 2*s. Let h be 149 + m + 7/(-7). Suppose n - h = -n. Is n a composite number?
True
Let n be 54 - (1 + -4 + 3). Suppose r = 3*p + 25, 5*p = 2*r - 0*p - n. Is r a prime number?
True
Suppose -3*s + 5*o - 34 = 0, -5*s + 5*o - o = 35. Let r = 68 + s. Is r a composite number?
True
Let o = 12 + -7. Suppose 287 = o*v + 102. Is v composite?
False
Suppose 5*n - 24 = -b + 5*b, 0 = -4*n + 4*b + 20. Is ((-35)/n)/(5/(-20)) composite?
True
Let f(g) = -g**3 + 14*g**2 + 12*g - 23. Is f(14) prime?
False
Suppose -5*a + t = -12290, 4*t + 7072 = 3*a - 285. Is a a composite number?
False
Let g be (-8)/3 - (-2)/3. Let m(q) = 9*q**2 + 3*q + 1. Is m(g) a prime number?
True
Let q = 11 - -10. Is q a composite number?
True
Let p = 637 - 306. Is p prime?
True
Let g = 1704 + -1063. Is g a prime number?
True
Is (-4376)/32*-10*6/5 composite?
True
Suppose i - 2 = -4*u, -4*i - u + 5 = -3. Suppose 3*o - i*o = 5*t - 7, -4*t + 4*o + 12 = 0. Is t*38 - (-4)/(-4) a composite number?
False
Suppose 9*v = 4*v + 2405. Is v a composite number?
True
Let u(j) = 67*j**2 + 5 + 0 + 6*j + 1 - 4. Is u(-3) composite?
False
Let r(x) = -x - 1. Let d be r(-4). Suppose d*n = -n + 5*i + 33, -2*i - 18 = -4*n. Let h = n + 19. Is h a composite number?
True
Suppose 5*x = 5*v - 40, 0 = -5*v - 2*x + 113 - 38. Let z = 17 - v. Is z a prime number?
False
Suppose 2*y - 10 = -5*m, y + 2 = 2*m + 7. Suppose z + 2*v - 155 = 0, m*z = -3*z - 3*v + 477. Is z a prime number?
True
Suppose 0 = -5*w + 62 + 33. Suppose -w = -l + 4. Is l a composite number?
False
Let p = -14 - -15. Let h(i) = 55*i**2 + i - 1. Is h(p) a composite number?
True
Let j(r) = -r**3 + 6*r**2 + 3*r - 9. Is j(5) a composite number?
False
Let g be 25*1*(-3 - -2). Let h = 10 - g. Is h composite?
True
Let g(r) = -30*r - 2. Is g(-6) prime?
False
Let v(g) = -60*g + 4. Let t(m) = -1. Let i(a) = -5*t(a) - v(a). Is i(2) composite?
True
Suppose -6*n + 1556 = 2. Is n composite?
True
Let o = 6 + 5. Suppose 3*v - 22 = -5*j + o, 2*j = v - 11. Is v composite?
False
Suppose 3*t - 5 = 3*p + 1, t - 2*p - 6 = 0. Is t/6 + 3048/18 a composite number?
True
Let y(c) =